{"id":1122,"date":"2013-04-04T23:55:11","date_gmt":"2013-04-04T21:55:11","guid":{"rendered":"http:\/\/www.kriesi.at\/themes\/enfold\/?page_id=1122"},"modified":"2022-01-21T13:29:27","modified_gmt":"2022-01-21T12:29:27","slug":"ekiz","status":"publish","type":"page","link":"https:\/\/www.ekiz-sued.at\/ekiz\/ekiz\/","title":{"rendered":"Ekiz"},"content":{"rendered":"<div id='layer_slider_1'  class='avia-layerslider main_color avia-shadow  avia-builder-el-0  el_before_av_heading  avia-builder-el-first  container_wrap sidebar_right'  style='height: 151px;'  ><\/div><div id='after_layer_slider_1'  class='main_color av_default_container_wrap container_wrap sidebar_right'  ><div class='container av-section-cont-open' ><div class='template-page content  av-content-small alpha units'><div class='post-entry post-entry-type-page post-entry-1122'><div class='entry-content-wrapper clearfix'>\n\n<style type=\"text\/css\" data-created_by=\"avia_inline_auto\" id=\"style-css-av-yh40sy-2b6a18569b635689272929b982c862c1\">\n#top .av-special-heading.av-yh40sy-2b6a18569b635689272929b982c862c1{\npadding-bottom:10px;\n}\n<\/style>\n<div  class='av-special-heading av-yh40sy-2b6a18569b635689272929b982c862c1 av-special-heading-h3  avia-builder-el-1  el_after_av_layerslider  el_before_av_textblock  avia-builder-el-first  '><h3 class='av-special-heading-tag '  itemprop=\"headline\"  >EKiZ- Ein Kind ist Zukunft<\/h3><div class='special-heading-border'><div class='special-heading-inner-border'><\/div><\/div><\/div>\n<section  class='av_textblock_section av-x0yg7m-86cbe2c87c1cf00ace4ecc34452dc549 '  itemscope=\"itemscope\" itemtype=\"https:\/\/schema.org\/CreativeWork\" ><div class='avia_textblock '  itemprop=\"text\" ><p>Im Zentrum unserer Arbeit stehen Eltern und Kinder. Durch unsere Bildungs- und Bewegungsangebote wollen wir die Kompetenz und das Vertrauen der Eltern in ihre eigenen F\u00e4higkeiten st\u00e4rken, denn Kinder brauchen eine einf\u00fchlsame und verst\u00e4ndnisvolle Beziehung, um zu starken eigenst\u00e4ndigen Personen heranzuwachsen, die ihr Leben selbstbewusst gestalten.<\/p>\n<p>Wir arbeiten pr\u00e4ventiv &#8211; Kinder sind unsere Zukunft!<\/p>\n<p><iframe loading=\"lazy\" src=\"https:\/\/my.matterport.com\/show\/?m=oYGzRc3t76T&amp;fbclid=IwAR1HyJLY4BVV3EgHTKzAJ0Q43JRW8FmdvMraPuQYW-VLvOiiqFZxKwhv-DM\" width=\"420\" height=\"260\"><br \/>\n<a href=\"\/iframe.html\">EKIZ Wagna <\/a><br \/><\/iframe><\/p>\n<p>EKiZ S\u00fcd will werdende und junge Eltern ermutigen, unterst\u00fctzen und informieren.<\/p>\n<p>Nicht nur Kinder brauchen Kinder, um gl\u00fccklich zu werden und soziale Kompetenz zu st\u00e4rken, sondern auch Eltern Orte, wo sie mit anderen Eltern \u00fcber dies und das, aber vor allem \u00fcber den Familienalltag reden k\u00f6nnen.<\/p>\n<p>Besonders in der Zeit, in der die Kinder noch sehr klein sind, ist es meist f\u00fcr die M\u00fctter eine Bereicherung, sich mit anderen Eltern, die sich in derselben Lebens-phase befinden, auszutauschen.<\/p>\n<p>Wir wollen Eltern unterst\u00fctzen, ihre Verantwortung sich selbst und ihren Kindern gegen\u00fcber besser wahrzunehmen. Eltern sein und Kind sein kann belastend sein &#8211; alleine.<br \/>Gemeinsam, mit Austausch und Information, geht vieles leichter.<\/p>\n<\/div><\/section>\n\n<style type=\"text\/css\" data-created_by=\"avia_inline_auto\" id=\"style-css-av-uuu5xe-862aac0b6ba53418ccfd7cf39aa89d19\">\n#top .hr.hr-invisible.av-uuu5xe-862aac0b6ba53418ccfd7cf39aa89d19{\nheight:30px;\n}\n<\/style>\n<div  class='hr av-uuu5xe-862aac0b6ba53418ccfd7cf39aa89d19 hr-invisible  avia-builder-el-3  el_after_av_textblock  el_before_av_heading  '><span class='hr-inner '><span class=\"hr-inner-style\"><\/span><\/span><\/div>\n\n<style type=\"text\/css\" data-created_by=\"avia_inline_auto\" id=\"style-css-av-sik1j6-3a59661536ab3897884b6465ba0e87b2\">\n#top .av-special-heading.av-sik1j6-3a59661536ab3897884b6465ba0e87b2{\npadding-bottom:10px;\n}\n<\/style>\n<div  class='av-special-heading av-sik1j6-3a59661536ab3897884b6465ba0e87b2 av-special-heading-h3 meta-heading  avia-builder-el-4  el_after_av_hr  el_before_av_textblock  '><h3 class='av-special-heading-tag '  itemprop=\"headline\"  >H\u00d6RBAR: Kinder\u00e4ngste<\/h3><div class='special-heading-border'><div class='special-heading-inner-border'><\/div><\/div><\/div>\n<section  class='av_textblock_section av-ro45de-11a2945f553883cc58b0d01eb89d9324 '  itemscope=\"itemscope\" itemtype=\"https:\/\/schema.org\/CreativeWork\" ><div class='avia_textblock '  itemprop=\"text\" ><p><a href=\"http:\/\/www.zweiundmehr.steiermark.at\/cms\/dokumente\/11106364_41802872\/cc85d9dd\/4Kinderaengste.mp3\" target=\"_blank\" rel=\"noopener noreferrer\">Kinder\u00e4ngste (mp3)<\/a><br \/>Elternbildungs-Aktiv-Seminar der Familienakademie der Kinderfreunde Steiermark in Kooperation mit dem Eltern-Kind-Zentrum Wagna.<\/p>\n<\/div><\/section>\n<div  class='hr av-psw3gi-390b90f78c6d7b0d4a0dd61d4cfc60be hr-default  avia-builder-el-6  el_after_av_textblock  el_before_av_hr  '><span class='hr-inner '><span class=\"hr-inner-style\"><\/span><\/span><\/div>\n<div  class='hr av-l9s6ki-e2763b0f3556b01d173646e7aa24ee99 hr-default  avia-builder-el-7  el_after_av_hr  el_before_av_one_half  '><span class='hr-inner '><span class=\"hr-inner-style\"><\/span><\/span><\/div>\n<div class='flex_column av-tbmeq-a34055a549e74aedfe8516624beb4cfd av_one_half  avia-builder-el-8  el_after_av_hr  el_before_av_one_half  first flex_column_div '   ><section  class='av_textblock_section av-5ie32a-149b569772a4142374ecf48929e77c28 '  itemscope=\"itemscope\" itemtype=\"https:\/\/schema.org\/CreativeWork\" ><div class='avia_textblock '  itemprop=\"text\" ><p><img loading=\"lazy\" decoding=\"async\" class=\"alignnone size-full wp-image-3402\" src=\"https:\/\/www.ekiz-sued.at\/ekiz\/wp-content\/uploads\/2021\/12\/ekiz-eltern-kind-zentrum.jpg\" alt=\"\" width=\"194\" height=\"114\" \/><\/p>\n<\/div><\/section><\/div>\n<div class='flex_column av-3q74ma-af4e860efaf0c1ab3718ec3cfa474e6e av_one_half  avia-builder-el-10  el_after_av_one_half  avia-builder-el-last  flex_column_div '   ><section  class='av_textblock_section av-7kfyq-ef0d96c1a5ac9c316c38bf9b4c8fc418 '  itemscope=\"itemscope\" itemtype=\"https:\/\/schema.org\/CreativeWork\" ><div class='avia_textblock '  itemprop=\"text\" ><p>Wo wir sind:<\/p>\n<p>EKIZ im R\u00f6merdorf<\/p>\n<p>Familienzentrum in Leibnitz<\/p>\n<\/div><\/section><\/div>\n","protected":false},"excerpt":{"rendered":"","protected":false},"author":1,"featured_media":0,"parent":0,"menu_order":1,"comment_status":"open","ping_status":"closed","template":"","meta":{"footnotes":""},"class_list":["post-1122","page","type-page","status-publish","hentry"],"_links":{"self":[{"href":"https:\/\/www.ekiz-sued.at\/ekiz\/wp-json\/wp\/v2\/pages\/1122","targetHints":{"allow":["GET"]}}],"collection":[{"href":"https:\/\/www.ekiz-sued.at\/ekiz\/wp-json\/wp\/v2\/pages"}],"about":[{"href":"https:\/\/www.ekiz-sued.at\/ekiz\/wp-json\/wp\/v2\/types\/page"}],"author":[{"embeddable":true,"href":"https:\/\/www.ekiz-sued.at\/ekiz\/wp-json\/wp\/v2\/users\/1"}],"replies":[{"embeddable":true,"href":"https:\/\/www.ekiz-sued.at\/ekiz\/wp-json\/wp\/v2\/comments?post=1122"}],"version-history":[{"count":9,"href":"https:\/\/www.ekiz-sued.at\/ekiz\/wp-json\/wp\/v2\/pages\/1122\/revisions"}],"predecessor-version":[{"id":3801,"href":"https:\/\/www.ekiz-sued.at\/ekiz\/wp-json\/wp\/v2\/pages\/1122\/revisions\/3801"}],"wp:attachment":[{"href":"https:\/\/www.ekiz-sued.at\/ekiz\/wp-json\/wp\/v2\/media?parent=1122"}],"curies":[{"name":"wp","href":"https:\/\/api.w.org\/{rel}","templated":true}]}}

<div id='layer_slider_1'  class='avia-layerslider main_color avia-shadow  avia-builder-el-0  el_before_av_heading  avia-builder-el-first  container_wrap sidebar_right'  style='height: 151px;'  ></div><div id='after_layer_slider_1'  class='main_color av_default_container_wrap container_wrap sidebar_right'  ><div class='container av-section-cont-open' ><div class='template-page content  av-content-small alpha units'><div class='post-entry post-entry-type-page post-entry-1122'><div class='entry-content-wrapper clearfix'>

<style type="text/css" data-created_by="avia_inline_auto" id="style-css-av-yh40sy-2b6a18569b635689272929b982c862c1">
#top .av-special-heading.av-yh40sy-2b6a18569b635689272929b982c862c1{
padding-bottom:10px;
}
</style>
<div  class='av-special-heading av-yh40sy-2b6a18569b635689272929b982c862c1 av-special-heading-h3  avia-builder-el-1  el_after_av_layerslider  el_before_av_textblock  avia-builder-el-first  '><h3 class='av-special-heading-tag '  itemprop="headline"  >EKiZ- Ein Kind ist Zukunft</h3><div class='special-heading-border'><div class='special-heading-inner-border'></div></div></div>
<section  class='av_textblock_section av-x0yg7m-86cbe2c87c1cf00ace4ecc34452dc549 '  itemscope="itemscope" itemtype="https://schema.org/CreativeWork" ><div class='avia_textblock '  itemprop="text" ><p>Im Zentrum unserer Arbeit stehen Eltern und Kinder. Durch unsere Bildungs- und Bewegungsangebote wollen wir die Kompetenz und das Vertrauen der Eltern in ihre eigenen Fähigkeiten stärken, denn Kinder brauchen eine einfühlsame und verständnisvolle Beziehung, um zu starken eigenständigen Personen heranzuwachsen, die ihr Leben selbstbewusst gestalten.</p>
<p>Wir arbeiten präventiv &#8211; Kinder sind unsere Zukunft!</p>
<p><iframe loading="lazy" src="https://my.matterport.com/show/?m=oYGzRc3t76T&amp;fbclid=IwAR1HyJLY4BVV3EgHTKzAJ0Q43JRW8FmdvMraPuQYW-VLvOiiqFZxKwhv-DM" width="420" height="260"><br />
<a href="/iframe.html">EKIZ Wagna </a><br /></iframe></p>
<p>EKiZ Süd will werdende und junge Eltern ermutigen, unterstützen und informieren.</p>
<p>Nicht nur Kinder brauchen Kinder, um glücklich zu werden und soziale Kompetenz zu stärken, sondern auch Eltern Orte, wo sie mit anderen Eltern über dies und das, aber vor allem über den Familienalltag reden können.</p>
<p>Besonders in der Zeit, in der die Kinder noch sehr klein sind, ist es meist für die Mütter eine Bereicherung, sich mit anderen Eltern, die sich in derselben Lebens-phase befinden, auszutauschen.</p>
<p>Wir wollen Eltern unterstützen, ihre Verantwortung sich selbst und ihren Kindern gegenüber besser wahrzunehmen. Eltern sein und Kind sein kann belastend sein &#8211; alleine.<br />Gemeinsam, mit Austausch und Information, geht vieles leichter.</p>
</div></section>

<style type="text/css" data-created_by="avia_inline_auto" id="style-css-av-uuu5xe-862aac0b6ba53418ccfd7cf39aa89d19">
#top .hr.hr-invisible.av-uuu5xe-862aac0b6ba53418ccfd7cf39aa89d19{
height:30px;
}
</style>
<div  class='hr av-uuu5xe-862aac0b6ba53418ccfd7cf39aa89d19 hr-invisible  avia-builder-el-3  el_after_av_textblock  el_before_av_heading  '><span class='hr-inner '><span class="hr-inner-style"></span></span></div>

<style type="text/css" data-created_by="avia_inline_auto" id="style-css-av-sik1j6-3a59661536ab3897884b6465ba0e87b2">
#top .av-special-heading.av-sik1j6-3a59661536ab3897884b6465ba0e87b2{
padding-bottom:10px;
}
</style>
<div  class='av-special-heading av-sik1j6-3a59661536ab3897884b6465ba0e87b2 av-special-heading-h3 meta-heading  avia-builder-el-4  el_after_av_hr  el_before_av_textblock  '><h3 class='av-special-heading-tag '  itemprop="headline"  >HÖRBAR: Kinderängste</h3><div class='special-heading-border'><div class='special-heading-inner-border'></div></div></div>
<section  class='av_textblock_section av-ro45de-11a2945f553883cc58b0d01eb89d9324 '  itemscope="itemscope" itemtype="https://schema.org/CreativeWork" ><div class='avia_textblock '  itemprop="text" ><p><a href="http://www.zweiundmehr.steiermark.at/cms/dokumente/11106364_41802872/cc85d9dd/4Kinderaengste.mp3" target="_blank" rel="noopener noreferrer">Kinderängste (mp3)</a><br />Elternbildungs-Aktiv-Seminar der Familienakademie der Kinderfreunde Steiermark in Kooperation mit dem Eltern-Kind-Zentrum Wagna.</p>
</div></section>
<div  class='hr av-psw3gi-390b90f78c6d7b0d4a0dd61d4cfc60be hr-default  avia-builder-el-6  el_after_av_textblock  el_before_av_hr  '><span class='hr-inner '><span class="hr-inner-style"></span></span></div>
<div  class='hr av-l9s6ki-e2763b0f3556b01d173646e7aa24ee99 hr-default  avia-builder-el-7  el_after_av_hr  el_before_av_one_half  '><span class='hr-inner '><span class="hr-inner-style"></span></span></div>
<div class='flex_column av-tbmeq-a34055a549e74aedfe8516624beb4cfd av_one_half  avia-builder-el-8  el_after_av_hr  el_before_av_one_half  first flex_column_div '   ><section  class='av_textblock_section av-5ie32a-149b569772a4142374ecf48929e77c28 '  itemscope="itemscope" itemtype="https://schema.org/CreativeWork" ><div class='avia_textblock '  itemprop="text" ><p><img loading="lazy" decoding="async" class="alignnone size-full wp-image-3402" src="https://www.ekiz-sued.at/ekiz/wp-content/uploads/2021/12/ekiz-eltern-kind-zentrum.jpg" alt="" width="194" height="114" /></p>
</div></section></div>
<div class='flex_column av-3q74ma-af4e860efaf0c1ab3718ec3cfa474e6e av_one_half  avia-builder-el-10  el_after_av_one_half  avia-builder-el-last  flex_column_div '   ><section  class='av_textblock_section av-7kfyq-ef0d96c1a5ac9c316c38bf9b4c8fc418 '  itemscope="itemscope" itemtype="https://schema.org/CreativeWork" ><div class='avia_textblock '  itemprop="text" ><p>Wo wir sind:</p>
<p>EKIZ im Römerdorf</p>
<p>Familienzentrum in Leibnitz</p>
</div></section></div>
