{"id":1040,"date":"2013-04-03T16:53:55","date_gmt":"2013-04-03T14:53:55","guid":{"rendered":"http:\/\/www.kriesi.at\/themes\/enfold\/?page_id=1040"},"modified":"2021-12-07T09:28:00","modified_gmt":"2021-12-07T08:28:00","slug":"aktuelles","status":"publish","type":"page","link":"https:\/\/www.ekiz-sued.at\/ekiz\/homepage\/aktuelles\/","title":{"rendered":"AKTUELLES"},"content":{"rendered":"<div id='layer_slider_1'  class='avia-layerslider main_color avia-shadow  avia-builder-el-0  el_before_av_one_third  avia-builder-el-first  container_wrap sidebar_right'  style='height: 471px;'  ><\/div><div id='after_layer_slider_1'  class='main_color av_default_container_wrap container_wrap sidebar_right'  ><div class='container av-section-cont-open' ><div class='template-page content  av-content-small alpha units'><div class='post-entry post-entry-type-page post-entry-1040'><div class='entry-content-wrapper clearfix'>\n<div class='flex_column av-12bgqao-dddb61560c1b63b4c13e91a152928db3 av_one_third  avia-builder-el-1  el_after_av_layerslider  el_before_av_one_third  avia-builder-el-first  first flex_column_div '   ><p><article  class=\"iconbox iconbox_top av-120af9s-33ddf88d83a47f293dd0e32cd66a5ee0  avia-builder-el-2  el_before_av_icon_box  avia-builder-el-first  main_color \"  itemscope=\"itemscope\" itemtype=\"https:\/\/schema.org\/CreativeWork\" ><div class=\"iconbox_content\"><header class=\"entry-content-header\"><div class=\"iconbox_icon heading-color\" aria-hidden='true' data-av_icon='\ue821' data-av_iconfont='entypo-fontello'><\/div><h3 class='iconbox_content_title  '  itemprop=\"headline\" >R\u00e4ume mieten<\/h3><\/header><div class='iconbox_content_container  '  itemprop=\"text\" ><p>Wir vermieten unser EKiZ an Mitglieder auch f\u00fcr Geburtstagsfeiern!<\/p>\n<\/div><\/div><footer class=\"entry-footer\"><\/footer><\/article><br \/>\n<article  class=\"iconbox iconbox_top av-kwmcoe33-4614ba84bf07c0dddcc8adf882878712  avia-builder-el-3  el_after_av_icon_box  avia-builder-el-last  main_color \"  itemscope=\"itemscope\" itemtype=\"https:\/\/schema.org\/CreativeWork\" ><div class=\"iconbox_content\"><header class=\"entry-content-header\"><div class=\"iconbox_icon heading-color\" aria-hidden='true' data-av_icon='\ue837' data-av_iconfont='entypo-fontello'><\/div><h3 class='iconbox_content_title  '  itemprop=\"headline\" >Tragetuchverleih<\/h3><\/header><div class='iconbox_content_container  '  itemprop=\"text\" ><\/div><\/div><footer class=\"entry-footer\"><\/footer><\/article><\/p><\/div><div class='flex_column av-3ki0ao-65220c32c9943c4e3e667c362bf1755b av_one_third  avia-builder-el-4  el_after_av_one_third  el_before_av_one_third  flex_column_div '   ><p><article  class=\"iconbox iconbox_top av-xqsvio-000617fb0c59e070340860622ec018ec  avia-builder-el-5  el_before_av_icon_box  avia-builder-el-first  main_color \"  itemscope=\"itemscope\" itemtype=\"https:\/\/schema.org\/CreativeWork\" ><div class=\"iconbox_content\"><header class=\"entry-content-header\"><div class=\"iconbox_icon heading-color\" aria-hidden='true' data-av_icon='\ue84e' data-av_iconfont='entypo-fontello'><\/div><h3 class='iconbox_content_title  '  itemprop=\"headline\" >Bibliothek<\/h3><\/header><div class='iconbox_content_container  '  itemprop=\"text\" ><p>Mitglieder k\u00f6nnen bei uns um einen Euro f\u00fcr drei Wochen B\u00fccher ausleihen!<\/p>\n<\/div><\/div><footer class=\"entry-footer\"><\/footer><\/article><br \/>\n<article  class=\"iconbox iconbox_top av-kwmcqa25-46909851212da06646ebc2e87bd1836f  avia-builder-el-6  el_after_av_icon_box  avia-builder-el-last  main_color \"  itemscope=\"itemscope\" itemtype=\"https:\/\/schema.org\/CreativeWork\" ><div class=\"iconbox_content\"><header class=\"entry-content-header\"><div class=\"iconbox_icon heading-color\" aria-hidden='true' data-av_icon='\ue89a' data-av_iconfont='entypo-fontello'><\/div><h3 class='iconbox_content_title  '  itemprop=\"headline\" >Storchverleih<\/h3><\/header><div class='iconbox_content_container  '  itemprop=\"text\" ><p>St\u00f6rche k\u00f6nnen im EKiZ ausgeborgt werden!<\/p>\n<\/div><\/div><footer class=\"entry-footer\"><\/footer><\/article><\/p><\/div><div class='flex_column av-vqws80-20a8aea9ec2b4bc04498316fdca47ff0 av_one_third  avia-builder-el-7  el_after_av_one_third  el_before_av_promobox  flex_column_div '   ><p><article  class=\"iconbox iconbox_top av-umalc0-68d713daf05945f62f56e692995c742a  avia-builder-el-8  el_before_av_icon_box  avia-builder-el-first  main_color \"  itemscope=\"itemscope\" itemtype=\"https:\/\/schema.org\/CreativeWork\" ><div class=\"iconbox_content\"><header class=\"entry-content-header\"><div class=\"iconbox_icon heading-color\" aria-hidden='true' data-av_icon='\ue8ed' data-av_iconfont='entypo-fontello'><\/div><h3 class='iconbox_content_title  '  itemprop=\"headline\" >Babyabwiegen<\/h3><\/header><div class='iconbox_content_container  '  itemprop=\"text\" ><p>&#8230;..<\/p>\n<\/div><\/div><footer class=\"entry-footer\"><\/footer><\/article><br \/>\n<article  class=\"iconbox iconbox_top av-kwmcoy4n-c628c5c8bc276e173dcea32fc36589eb  avia-builder-el-9  el_after_av_icon_box  avia-builder-el-last  main_color \"  itemscope=\"itemscope\" itemtype=\"https:\/\/schema.org\/CreativeWork\" ><div class=\"iconbox_content\"><header class=\"entry-content-header\"><div class=\"iconbox_icon heading-color\" aria-hidden='true' data-av_icon='\ue827' data-av_iconfont='entypo-fontello'><\/div><h3 class='iconbox_content_title  '  itemprop=\"headline\" >Geschenkgutscheine<\/h3><\/header><div class='iconbox_content_container  '  itemprop=\"text\" ><p>auf Wunsch bei uns im EKiZ erh\u00e4ltlich!!!<\/p>\n<\/div><\/div><footer class=\"entry-footer\"><\/footer><\/article><\/p><\/div><div  class='av_promobox av-gj19xc-7eaacbd58823dde1af685703026a55c8 avia-button-yes  avia-builder-el-10  el_after_av_one_third  avia-builder-el-last  '><div class='avia-promocontent'><p>\nSenden Sie uns eine Anfrage<\/p>\n<\/div><div  class='avia-button-wrap avia-button-right ' ><a href='https:\/\/www.ekiz-sued.at\/ekiz\/kontakt-anfahrt\/'  class='avia-button av-gj19xc-46e9d6be78d056d7e01acf57bb2f3443 avia-icon_select-no avia-size-large avia-position-right avia-color-theme-color ' ><span class='avia_iconbox_title' >Kontakt<\/span><\/a><\/div><\/div><\/p>\n","protected":false},"excerpt":{"rendered":"<p>This is a Page excerpt. It will be displayed for search results<\/p>\n","protected":false},"author":1,"featured_media":0,"parent":734,"menu_order":2,"comment_status":"open","ping_status":"closed","template":"","meta":{"footnotes":""},"class_list":["post-1040","page","type-page","status-publish","hentry"],"_links":{"self":[{"href":"https:\/\/www.ekiz-sued.at\/ekiz\/wp-json\/wp\/v2\/pages\/1040","targetHints":{"allow":["GET"]}}],"collection":[{"href":"https:\/\/www.ekiz-sued.at\/ekiz\/wp-json\/wp\/v2\/pages"}],"about":[{"href":"https:\/\/www.ekiz-sued.at\/ekiz\/wp-json\/wp\/v2\/types\/page"}],"author":[{"embeddable":true,"href":"https:\/\/www.ekiz-sued.at\/ekiz\/wp-json\/wp\/v2\/users\/1"}],"replies":[{"embeddable":true,"href":"https:\/\/www.ekiz-sued.at\/ekiz\/wp-json\/wp\/v2\/comments?post=1040"}],"version-history":[{"count":6,"href":"https:\/\/www.ekiz-sued.at\/ekiz\/wp-json\/wp\/v2\/pages\/1040\/revisions"}],"predecessor-version":[{"id":3371,"href":"https:\/\/www.ekiz-sued.at\/ekiz\/wp-json\/wp\/v2\/pages\/1040\/revisions\/3371"}],"up":[{"embeddable":true,"href":"https:\/\/www.ekiz-sued.at\/ekiz\/wp-json\/wp\/v2\/pages\/734"}],"wp:attachment":[{"href":"https:\/\/www.ekiz-sued.at\/ekiz\/wp-json\/wp\/v2\/media?parent=1040"}],"curies":[{"name":"wp","href":"https:\/\/api.w.org\/{rel}","templated":true}]}}