{"id":3859,"date":"2022-01-25T17:58:52","date_gmt":"2022-01-25T16:58:52","guid":{"rendered":"https:\/\/www.ekiz-sued.at\/ekiz\/?post_type=mec-events&#038;p=3859"},"modified":"2025-02-13T17:59:22","modified_gmt":"2025-02-13T16:59:22","slug":"maerchenstunde-mit-tina-ab-ca-18-monaten","status":"publish","type":"mec-events","link":"https:\/\/www.ekiz-sued.at\/ekiz\/events\/maerchenstunde-mit-tina-ab-ca-18-monaten\/","title":{"rendered":"Prager-Eltern-Kind-Programm"},"content":{"rendered":"<p>ab der 4.-6.Lebenswoche<\/p>\n<p>PEKiP begleitet dich und dein Baby mit Spiel- und Bewegungsanregungen in<br \/>\nForm von Gruppentreffen durch das spannende erste Lebensjahr.<br \/>\nPEKiP hei\u00dft:<br \/>\n&#8211; Die individuellen F\u00e4higkeiten und Bed\u00fcrfnisse des Kindes wahrzunehmen<br \/>\n&#8211; Dem Baby erste soziale Kontakte mit Gleichaltrigen zu erm\u00f6glichen<br \/>\n&#8211; Zeit zum Austausch mit anderen Eltern und der Gruppenleiterin<\/p>\n<p>&nbsp;<\/p>\n<p>Dauer: 90 min Kosten: 150 Euro\/10 Einheiten<br \/>\nTermin: Ab J\u00e4nner 2025 \u2013 Montagvormittag im Familienzentrum<br \/>\nKontakt: Julia Wechtitsch 0664\/4020473<\/p>\n","protected":false},"excerpt":{"rendered":"<p>ab der 4.-6.Lebenswoche PEKiP begleitet dich und dein Baby mit Spiel- und Bewegungsanregungen in Form von Gruppentreffen durch das spannende erste Lebensjahr. PEKiP hei\u00dft: &#8211; Die individuellen F\u00e4higkeiten und Bed\u00fcrfnisse des Kindes wahrzunehmen &#8211; Dem Baby erste soziale Kontakte mit Gleichaltrigen zu erm\u00f6glichen &#8211; Zeit zum Austausch mit anderen Eltern und der Gruppenleiterin &nbsp; Dauer: [&hellip;]<\/p>\n","protected":false},"author":1,"featured_media":0,"comment_status":"closed","ping_status":"closed","template":"","tags":[],"mec_category":[97],"class_list":["post-3859","mec-events","type-mec-events","status-publish","hentry","mec_category-babyangebote"],"_links":{"self":[{"href":"https:\/\/www.ekiz-sued.at\/ekiz\/wp-json\/wp\/v2\/mec-events\/3859","targetHints":{"allow":["GET"]}}],"collection":[{"href":"https:\/\/www.ekiz-sued.at\/ekiz\/wp-json\/wp\/v2\/mec-events"}],"about":[{"href":"https:\/\/www.ekiz-sued.at\/ekiz\/wp-json\/wp\/v2\/types\/mec-events"}],"author":[{"embeddable":true,"href":"https:\/\/www.ekiz-sued.at\/ekiz\/wp-json\/wp\/v2\/users\/1"}],"replies":[{"embeddable":true,"href":"https:\/\/www.ekiz-sued.at\/ekiz\/wp-json\/wp\/v2\/comments?post=3859"}],"wp:attachment":[{"href":"https:\/\/www.ekiz-sued.at\/ekiz\/wp-json\/wp\/v2\/media?parent=3859"}],"wp:term":[{"taxonomy":"post_tag","embeddable":true,"href":"https:\/\/www.ekiz-sued.at\/ekiz\/wp-json\/wp\/v2\/tags?post=3859"},{"taxonomy":"mec_category","embeddable":true,"href":"https:\/\/www.ekiz-sued.at\/ekiz\/wp-json\/wp\/v2\/mec_category?post=3859"}],"curies":[{"name":"wp","href":"https:\/\/api.w.org\/{rel}","templated":true}]}}

<p>ab der 4.-6.Lebenswoche</p>
<p>PEKiP begleitet dich und dein Baby mit Spiel- und Bewegungsanregungen in<br />
Form von Gruppentreffen durch das spannende erste Lebensjahr.<br />
PEKiP heißt:<br />
&#8211; Die individuellen Fähigkeiten und Bedürfnisse des Kindes wahrzunehmen<br />
&#8211; Dem Baby erste soziale Kontakte mit Gleichaltrigen zu ermöglichen<br />
&#8211; Zeit zum Austausch mit anderen Eltern und der Gruppenleiterin</p>
<p>&nbsp;</p>
<p>Dauer: 90 min Kosten: 150 Euro/10 Einheiten<br />
Termin: Ab Jänner 2025 – Montagvormittag im Familienzentrum<br />
Kontakt: Julia Wechtitsch 0664/4020473</p>

<p>ab der 4.-6.Lebenswoche PEKiP begleitet dich und dein Baby mit Spiel- und Bewegungsanregungen in Form von Gruppentreffen durch das spannende erste Lebensjahr. PEKiP heißt: &#8211; Die individuellen Fähigkeiten und Bedürfnisse des Kindes wahrzunehmen &#8211; Dem Baby erste soziale Kontakte mit Gleichaltrigen zu ermöglichen &#8211; Zeit zum Austausch mit anderen Eltern und der Gruppenleiterin &nbsp; Dauer: [&hellip;]</p>
